Let i = 17 + h. Calculate the highest common divisor of i and 33.
11
Let u = -24 - -35. Suppose -29 = -3*a - u. Calculate the greatest common divisor of a and 6.
6
Suppose 0*k + 84 = k. Suppose 4*j = 2*j + k. What is the greatest common factor of 14 and j?
14
Let l = -3 - -5. Suppose -l = 2*f - 3*f. Suppose 2*j + f*j = 8. Calculate the highest common divisor of j and 14.
2
Let c(u) = -2*u. Let i be c(-3). Suppose -5*o + i = -2*o. Let z be (-3 - -57)/(3/o). Calculate the highest common factor of 24 and z.
12
Suppose -5*g = -5*a + 145, 2*g + 9 = 4*a - 45. Let w be g/(-4) + 4/16. Calculate the highest common divisor of 40 and w.
8
Suppose -2*u = f + 2*u - 18, 0 = -4*u + 16. Suppose -d + 239 = -4*h, -f*d = -2*h + 2*d - 116. Let j = -35 - h. Calculate the highest common factor of 10 and j.
5
Let t(z) = z**3 - 3*z**2 + 4*z - 2. Let u be t(2). Suppose -3*s = -u*s - 16. What is the greatest common factor of 8 and s?
8
Let t(x) = 2*x**2 + 2. Let o be t(-2). Calculate the highest common factor of o and 30.
10
Suppose 5*v + 5*y + 5 = 0, -4*y + 0*y = 16. Let j(g) = 2*g + 1 + 0 - 6*g. Let s be j(-2). Calculate the highest common divisor of s and v.
3
Let s(j) = 24*j**2 - j - 1. Let g be s(-1). What is the highest common divisor of g and 3?
3
Let n = -11 + 17. Let o(c) = 3*c + 2. Let a be o(n). What is the highest common factor of a and 8?
4
Let y be (5 + 11)*(-2)/(-4). Suppose -j + 4*g + 12 = -52, 2*g = 5*j - 356. Calculate the greatest common factor of j and y.
8
Let n = 26 + -9. What is the greatest common factor of 119 and n?
17
Suppose -k - 3 = 2*b, -4*k = -5*b - 0*k + 25. Calculate the highest common divisor of 7 and b.
1
Let o(r) = r + 12. Let w be o(-5). What is the highest common divisor of w and 28?
7
Let b(z) = 4*z + 1. Let s(x) = -5*x - 2. Let j(a) = 4*b(a) + 3*s(a). Let q be j(13). Calculate the highest common divisor of 121 and q.
11
Let g = 13 - -7. Let q be (5 - (5 + -2))*5. Calculate the highest common divisor of g and q.
10
Let s be -2 - (-7)/((-14)/(-220)). Let y = 2 - 2. Let t be 2 - (y + -11) - 1. What is the greatest common divisor of s and t?
12
Let w be 3/(-9)*3 + 3. Suppose 0 = -5*t - 2*m - 8 - 12, -t - 2*m + 4 = 0. Let l = t + 9. What is the greatest common factor of l and w?
1
Let i be (-3)/(-3)*0/1. Let c = 4 - i. What is the greatest common divisor of 36 and c?
4
Suppose -4*y - 132 = -8*y. Let f = 1 + 3. Let j = f - 1. What is the greatest common factor of j and y?
3
Let z be -3*(3 - 2)*1. Let p be (2 - 0)/(z/(-9)). Calculate the greatest common factor of 6 and p.
6
Suppose n - 416 = -n. Calculate the greatest common divisor of 26 and n.
26
Let c = -21 - -27. Calculate the greatest common divisor of c and 15.
3
Let n(k) = k**3 + 11*k**2 + 10*k. Let t be n(-10). Suppose j + 4*j - 250 = t. What is the highest common divisor of 10 and j?
10
Suppose -13*v + 15*v - 4 = 0. What is the highest common factor of v and 2?
2
Let h be ((-16)/(-20) + -4)*-20. Calculate the highest common factor of h and 8.
8
Let y be 11/5 - 3/15. Suppose -y + 20 = m. Let t = -5 - -7. Calculate the highest common divisor of t and m.
2
Suppose 324 = -3*b - 204. Let t = -60 - b. What is the highest common factor of t and 29?
29
Suppose i - 3 = -2*i. What is the highest common divisor of i and 8?
1
Suppose -3*q = 3*l - 75, -6*l + 2*l + 84 = -4*q. Suppose -3*d + 114 = -7*j + 3*j, -j = 0. Let y = d - l. What is the highest common divisor of y and 3?
3
Let t be (-34)/(-3)*18/12. Calculate the highest common divisor of 68 and t.
17
Let p(r) = r**2 + 14. Suppose -2*a = 2*a. Let h be p(a). What is the greatest common divisor of h and 112?
14
Let n(a) = -a**3 + a - 5. Let g be n(0). Let v(c) = -4*c + 7. Let d be v(g). Calculate the highest common divisor of d and 54.
27
Suppose -r + o = -77, -3*o = r - 66 - 23. Suppose -5*q = -3*h + 4*h, -2*q = -2*h + 24. Calculate the highest common factor of r and h.
10
Suppose -4*w = -4*d + 8, 5*w + 4 = 3*d + 8. Let k be 68/10 + 2/10. What is the greatest common factor of d and k?
7
Let v be (2 - 3)/(1/(-9)). Let o = v - -5. Let u be 4/o - (-96)/7. What is the greatest common divisor of 21 and u?
7
Suppose -5*z + b = -3*b - 71, 4*z = 4*b + 56. What is the greatest common divisor of z and 60?
15
Let r(a) = 4*a - 12. Let t be r(11). What is the highest common factor of 80 and t?
16
Let y be 2 + 0 + 14/2. Let j(x) = 25*x - 2. Let g be j(3). Let m = g - 37. Calculate the highest common factor of y and m.
9
Suppose 0*f = 3*f. Suppose 0 = -v - f*v, 3*q = -4*v + 6. Suppose 0 = -q*r + 5*r - 108. What is the highest common factor of 24 and r?
12
Let c(t) = 3*t**2 + t - 4. Let b be c(3). Suppose -2*v + b + 2 = 0. Calculate the greatest common factor of v and 98.
14
Suppose 0 = 2*x - 59 - 67. What is the highest common divisor of x and 21?
21
Let i(c) = 2*c**2 + 10*c - 10. Let o be i(-6). Calculate the highest common divisor of o and 50.
2
Suppose 3*h - 5 = 2*h + f, 10 = -h - 2*f. Suppose -5*r + 215 - 50 = h. Calculate the greatest common divisor of r and 22.
11
Let u(j) = 4*j**2 - 7*j + 3. Let o be u(-4). Calculate the highest common divisor of 19 and o.
19
Suppose -2*t - 2*t + 84 = 4*s, 45 = 2*t + s. Calculate the greatest common factor of 120 and t.
24
Suppose 0 = 3*n - 4*n + 17. Let a = n + -9. What is the highest common divisor of a and 2?
2
Let s be (-3)/((-1)/(-2)*-3). Let w(y) = 2*y - y**3 + 17 + 0*y**3 + 0*y**s - 3*y - y**2. Let h be w(0). What is the highest common divisor of 136 and h?
17
Suppose -3*p - 18 = y, p + y = -5 + 1. Let o = p - -40. Let l = o + -18. Calculate the highest common divisor of l and 75.
15
Let x = -6 - -21. What is the greatest common divisor of x and 15?
15
Let z be ((-14)/(-2))/(12/300). Calculate the greatest common factor of z and 70.
35
Suppose -2*s - s + 126 = 0. Suppose 0 = -3*c + 5*j + 25, -2*j = c + 3*c - s. Let o be 15*(26/6 + -1). What is the highest common divisor of o and c?
10
Suppose y + y + 2*a = 40, -2*y + a + 40 = 0. What is the greatest common factor of y and 5?
5
Suppose -12 = -4*q + 32. What is the greatest common factor of q and 1?
1
Suppose -4*h + 17 = -3*h + 2*l, 4*h = -2*l + 80. What is the greatest common factor of h and 35?
7
Suppose -2*n = n - 6. Suppose 2*s + n*s = 12. Suppose -6*k + k + 4*y = -412, -s*k = -5*y - 255. What is the highest common divisor of k and 20?
20
Let q(f) = f**2 - 7*f - 23. Let h be q(10). What is the highest common divisor of 161 and h?
7
Suppose 0*r + 3*r - 3*a + 6 = 0, 0 = -5*a + 20. Suppose 0 = 3*l + 5*q - 64, 5*q - 66 = -5*l + 34. Calculate the greatest common divisor of l and r.
2
Suppose 0 = 2*u + 5*f - 218, 2*f + 35 = 2*u - 211. Let s be 522/30 - (-2)/(-5). What is the highest common divisor of s and u?
17
Let g be (-23)/(-3) + 4/12. Suppose 0 = 2*s - 2, 0 = -3*i - 5*s + 2*s + 15. Calculate the greatest common divisor of g and i.
4
Let c = -8 + 6. Let w(m) = m + 4. Let y be w(-5). Let x be c/y + (102 - 0). Calculate the highest common factor of 13 and x.
13
Suppose v = -3*t + 1 + 32, 3*v - 2*t = 66. Let z(x) = 5*x**2 - 5*x + 4. Let r be z(3). Let f = r + 2. What is the highest common factor of v and f?
12
Let g = -17 + 28. Let s(o) = o**3 + 9*o**2 + 4*o + 12. Let t be s(-8). What is the highest common factor of t and g?
11
Let l be (1 + 1)/(2/(-38)). Let v be l/(-4) + 4/8. Calculate the greatest common factor of v and 4.
2
Let q(c) = c**3 + 11*c**2 + c + 15. Let v = -31 + 20. Let n be v*(1/(-1) - -2). Let u be q(n). What is the greatest common factor of 20 and u?
4
Let b = 5 + 0. Let n be 209/7 + (-5)/(-35). Let f be 8/(-12)*(0 - n). Calculate the greatest common factor of f and b.
5
Let t = -7 + 13. Suppose -3*p - 5*l + 11 = 0, -p - 2 = 4*l + t. Let n(i) = 90*i - 6. Let f be n(1). What is the greatest common divisor of p and f?
12
Let q be 2*7/(7/2). What is the highest common divisor of q and 16?
4
Suppose -268 = -3*l + 4*j, 4*l - j - 4*j - 357 = 0. What is the greatest common factor of 11 and l?
11
Suppose -4*n - n - 2*y = -224, 0 = 4*n + 5*y - 186. What is the greatest common divisor of 11 and n?
11
Suppose -29 = -6*r + 49. Let b = 2 + r. What is the highest common factor of b and 105?
15
Let q be (0 - -17) + (-2 - -1). Let f = 107 + -43. Calculate the greatest common factor of f and q.
16
Suppose 0 = 2*p + 2*p - 3*s - 100, 5*p - 4*s = 125. Ca